{"id":77,"date":"2021-01-19T13:15:34","date_gmt":"2021-01-19T13:15:34","guid":{"rendered":"https:\/\/thomasgrasberger.de\/?page_id=77"},"modified":"2025-05-26T11:00:08","modified_gmt":"2025-05-26T10:00:08","slug":"stenz-die-lust-des-suedens","status":"publish","type":"page","link":"https:\/\/thomasgrasberger.de\/?page_id=77","title":{"rendered":"Stenz. Die Lust des S\u00fcdens"},"content":{"rendered":"\n<div class=\"wp-block-media-text alignwide is-stacked-on-mobile buch\" style=\"grid-template-columns:38% auto\"><figure class=\"wp-block-media-text__media\"><img loading=\"lazy\" decoding=\"async\" width=\"684\" height=\"1024\" src=\"https:\/\/thomasgrasberger.de\/wp-content\/uploads\/2021\/01\/cover-stenz-13-978-3424350876-684x1024.jpg\" alt=\"\" class=\"wp-image-75 size-full\" srcset=\"https:\/\/thomasgrasberger.de\/wp-content\/uploads\/2021\/01\/cover-stenz-13-978-3424350876-684x1024.jpg 684w, https:\/\/thomasgrasberger.de\/wp-content\/uploads\/2021\/01\/cover-stenz-13-978-3424350876-200x300.jpg 200w, https:\/\/thomasgrasberger.de\/wp-content\/uploads\/2021\/01\/cover-stenz-13-978-3424350876-768x1149.jpg 768w, https:\/\/thomasgrasberger.de\/wp-content\/uploads\/2021\/01\/cover-stenz-13-978-3424350876-1026x1536.jpg 1026w, https:\/\/thomasgrasberger.de\/wp-content\/uploads\/2021\/01\/cover-stenz-13-978-3424350876-700x1048.jpg 700w, https:\/\/thomasgrasberger.de\/wp-content\/uploads\/2021\/01\/cover-stenz-13-978-3424350876.jpg 1069w\" sizes=\"auto, (max-width: 684px) 100vw, 684px\" \/><\/figure><div class=\"wp-block-media-text__content\">\n<h4 class=\"wp-block-heading\">Thomas Grasberger<\/h4>\n\n\n\n<h3 class=\"wp-block-heading\">Stenz. Die Lust des S\u00fcdens<\/h3>\n\n\n\n<p>272 Seiten<br>Diederichs Verlag<br>Erschienen am 30. Sept. 2013<br>Gebundene Ausgabe<br>EUR(D) 14,99<br>ISBN-13 978-3424350876<br><br><a href=\"https:\/\/www.amazon.de\/Stenz-Lust-S\u00fcdens-Gelesen-Autor\/dp\/3424350923\" data-type=\"link\" data-id=\"https:\/\/www.amazon.de\/Stenz-Lust-S\u00fcdens-Gelesen-Autor\/dp\/3424350923\">Bei Amazon finden<\/a><\/p>\n<\/div><\/div>\n\n\n\n<p>Wer beim Stichwort &#8222;Stenz&#8220; an den Monaco Franze denkt, liegt nicht falsch. Aber der sympathische Hallodri ist beileibe nicht der einzige seiner &#8222;Zunft&#8220;. Thomas Grasberger geht in seiner Kulturgeschichte \u00fcber Liebe, Lust und Leidenschaft im S\u00fcden weit zur\u00fcck &#8211; bis zu den Anf\u00e4ngen des bairischen Stammes. Er folgt literarischen, historischen und ethnographischen Spuren und sucht Antworten auf Fragen wie: Liebt der Bavarian Lover anders? Und was sagt seine Loverin dazu?<\/p>\n\n\n\n<p>Der Autor nimmt bei dieser unterhaltsamen Lustreise seine Leserinnen und Leser mit in die Schlafkammern von Bauernm\u00e4gden, in die Gem\u00e4cher adliger Liebhaber und die Zellen bairischer Kl\u00f6ster. Magische Rituale der Bauernerotik werden dabei ebenso erforscht wie die Balzrituale des urbanen Stenzes im Schwabinger Stra\u00dfencaf\u00e9.<\/p>\n\n\n\n<blockquote class=\"wp-block-quote is-layout-flow wp-block-quote-is-layout-flow\">\n<p><em>Hinter dem frisch gedruckten Stenz entpuppt sich die kleine Kulturgeschichte der Lust und Leidenschaft, Liebesfreud und Liebesleid, ein bayerischer Sex-Report.&#8220;<\/em><br><\/p>\n<cite>Michael Gr\u00e4ter, DIE ABENZEITUNG<\/cite><\/blockquote>\n\n\n\n<blockquote class=\"wp-block-quote is-layout-flow wp-block-quote-is-layout-flow\">\n<p><em>&#8222;Das Buch wird zu einer interessanten Sittengeschichte bajuwarischer Umtriebe. (&#8230;) Und grad lustig liest sich&#8217;s.&#8220;<\/em><br><\/p>\n<cite>Michael Skasa, Bayern2 Radio, Kulturwelt<\/cite><\/blockquote>\n\n\n\n<blockquote class=\"wp-block-quote is-layout-flow wp-block-quote-is-layout-flow\">\n<p><em>&#8222;Vom sexs\u00fcchtigen Monarchen in der Barockzeit \u00fcber den zuh\u00e4lterischen Strizzi bis zum Schwabinger Flaneur der Gegenwart.&#8220;<\/em><br><\/p>\n<cite>WDR H\u00f6rfunk<\/cite><\/blockquote>\n\n\n\n<blockquote class=\"wp-block-quote is-layout-flow wp-block-quote-is-layout-flow\">\n<p><em>&#8222;Hier erfahren Sie alles, was man wissen muss \u00fcber die Stanz, \u00fcber Stenze, die gmahden Wiesn und die wahre Liebe in Baiern.&#8220;<\/em><\/p>\n<cite>Peter Trischberger in IN M\u00fcnchen<\/cite><\/blockquote>\n","protected":false},"excerpt":{"rendered":"<p>Thomas Grasberger Stenz. Die Lust des S\u00fcdens 272 SeitenDiederichs VerlagErschienen am 30. Sept. 2013Gebundene AusgabeEUR(D) 14,99ISBN-13 978-3424350876 Bei Amazon finden Wer beim Stichwort &#8222;Stenz&#8220; an den Monaco Franze denkt, liegt nicht falsch. Aber der sympathische&#8230;<\/p>\n","protected":false},"author":2,"featured_media":0,"parent":20,"menu_order":0,"comment_status":"closed","ping_status":"closed","template":"","meta":{"footnotes":""},"class_list":["post-77","page","type-page","status-publish","hentry"],"_links":{"self":[{"href":"https:\/\/thomasgrasberger.de\/index.php?rest_route=\/wp\/v2\/pages\/77","targetHints":{"allow":["GET"]}}],"collection":[{"href":"https:\/\/thomasgrasberger.de\/index.php?rest_route=\/wp\/v2\/pages"}],"about":[{"href":"https:\/\/thomasgrasberger.de\/index.php?rest_route=\/wp\/v2\/types\/page"}],"author":[{"embeddable":true,"href":"https:\/\/thomasgrasberger.de\/index.php?rest_route=\/wp\/v2\/users\/2"}],"replies":[{"embeddable":true,"href":"https:\/\/thomasgrasberger.de\/index.php?rest_route=%2Fwp%2Fv2%2Fcomments&post=77"}],"version-history":[{"count":3,"href":"https:\/\/thomasgrasberger.de\/index.php?rest_route=\/wp\/v2\/pages\/77\/revisions"}],"predecessor-version":[{"id":532,"href":"https:\/\/thomasgrasberger.de\/index.php?rest_route=\/wp\/v2\/pages\/77\/revisions\/532"}],"up":[{"embeddable":true,"href":"https:\/\/thomasgrasberger.de\/index.php?rest_route=\/wp\/v2\/pages\/20"}],"wp:attachment":[{"href":"https:\/\/thomasgrasberger.de\/index.php?rest_route=%2Fwp%2Fv2%2Fmedia&parent=77"}],"curies":[{"name":"wp","href":"https:\/\/api.w.org\/{rel}","templated":true}]}}