{"id":20,"date":"2021-01-19T09:19:10","date_gmt":"2021-01-19T09:19:10","guid":{"rendered":"https:\/\/thomasgrasberger.de\/?page_id=20"},"modified":"2025-05-25T17:05:29","modified_gmt":"2025-05-25T16:05:29","slug":"buecher","status":"publish","type":"page","link":"https:\/\/thomasgrasberger.de\/?page_id=20","title":{"rendered":"B\u00fccher"},"content":{"rendered":"\n<div class=\"wp-block-media-text alignwide is-stacked-on-mobile buch\" style=\"grid-template-columns:23% auto\"><figure class=\"wp-block-media-text__media\"><a href=\"https:\/\/thomasgrasberger.de\/?page_id=148\"><img loading=\"lazy\" decoding=\"async\" width=\"620\" height=\"1024\" src=\"https:\/\/thomasgrasberger.de\/wp-content\/uploads\/2021\/01\/Gebrauchsanweisung-2020-620x1024.jpg\" alt=\"\" class=\"wp-image-260 size-full\" srcset=\"https:\/\/thomasgrasberger.de\/wp-content\/uploads\/2021\/01\/Gebrauchsanweisung-2020-620x1024.jpg 620w, https:\/\/thomasgrasberger.de\/wp-content\/uploads\/2021\/01\/Gebrauchsanweisung-2020-182x300.jpg 182w, https:\/\/thomasgrasberger.de\/wp-content\/uploads\/2021\/01\/Gebrauchsanweisung-2020-768x1269.jpg 768w, https:\/\/thomasgrasberger.de\/wp-content\/uploads\/2021\/01\/Gebrauchsanweisung-2020-929x1536.jpg 929w, https:\/\/thomasgrasberger.de\/wp-content\/uploads\/2021\/01\/Gebrauchsanweisung-2020-700x1157.jpg 700w, https:\/\/thomasgrasberger.de\/wp-content\/uploads\/2021\/01\/Gebrauchsanweisung-2020.jpg 968w\" sizes=\"auto, (max-width: 620px) 100vw, 620px\" \/><\/a><\/figure><div class=\"wp-block-media-text__content\">\n<h4 class=\"wp-block-heading\">Thomas Grasberger<\/h4>\n\n\n\n<h3 class=\"wp-block-heading\"><a href=\"https:\/\/thomasgrasberger.de\/?page_id=148\" data-type=\"page\" data-id=\"148\">Gebrauchsanweisung f\u00fcr M\u00fcnchen<\/a><\/h3>\n\n\n\n<p><\/p>\n<\/div><\/div>\n\n\n\n<div class=\"wp-block-media-text alignwide is-stacked-on-mobile buch\" style=\"grid-template-columns:23% auto\"><figure class=\"wp-block-media-text__media\"><a href=\"https:\/\/thomasgrasberger.de\/?page_id=144\"><img loading=\"lazy\" decoding=\"async\" width=\"201\" height=\"300\" src=\"https:\/\/thomasgrasberger.de\/wp-content\/uploads\/2021\/01\/cover-grant-13-978-3424350708-201x300.jpg\" alt=\"\" class=\"wp-image-71 size-medium\" srcset=\"https:\/\/thomasgrasberger.de\/wp-content\/uploads\/2021\/01\/cover-grant-13-978-3424350708-201x300.jpg 201w, https:\/\/thomasgrasberger.de\/wp-content\/uploads\/2021\/01\/cover-grant-13-978-3424350708.jpg 335w\" sizes=\"auto, (max-width: 201px) 100vw, 201px\" \/><\/a><\/figure><div class=\"wp-block-media-text__content\">\n<h4 class=\"wp-block-heading\">Thomas Grasberger<\/h4>\n\n\n\n<h3 class=\"wp-block-heading\"><a href=\"https:\/\/thomasgrasberger.de\/?page_id=144\" data-type=\"page\" data-id=\"144\">Grant. Der Blues des S\u00fcdens<\/a><\/h3>\n<\/div><\/div>\n\n\n\n<div class=\"wp-block-media-text alignwide is-stacked-on-mobile is-vertically-aligned-center buch\" style=\"grid-template-columns:23% auto\"><figure class=\"wp-block-media-text__media\"><a href=\"https:\/\/thomasgrasberger.de\/?page_id=77\"><img loading=\"lazy\" decoding=\"async\" width=\"200\" height=\"300\" src=\"https:\/\/thomasgrasberger.de\/wp-content\/uploads\/2021\/01\/cover-stenz-13-978-3424350876-200x300.jpg\" alt=\"\" class=\"wp-image-75 size-medium\" srcset=\"https:\/\/thomasgrasberger.de\/wp-content\/uploads\/2021\/01\/cover-stenz-13-978-3424350876-200x300.jpg 200w, https:\/\/thomasgrasberger.de\/wp-content\/uploads\/2021\/01\/cover-stenz-13-978-3424350876-684x1024.jpg 684w, https:\/\/thomasgrasberger.de\/wp-content\/uploads\/2021\/01\/cover-stenz-13-978-3424350876-768x1149.jpg 768w, https:\/\/thomasgrasberger.de\/wp-content\/uploads\/2021\/01\/cover-stenz-13-978-3424350876-1026x1536.jpg 1026w, https:\/\/thomasgrasberger.de\/wp-content\/uploads\/2021\/01\/cover-stenz-13-978-3424350876-700x1048.jpg 700w, https:\/\/thomasgrasberger.de\/wp-content\/uploads\/2021\/01\/cover-stenz-13-978-3424350876.jpg 1069w\" sizes=\"auto, (max-width: 200px) 100vw, 200px\" \/><\/a><\/figure><div class=\"wp-block-media-text__content\">\n<h4 class=\"wp-block-heading\">Thomas Grasberger<\/h4>\n\n\n\n<h3 class=\"wp-block-heading\"><a href=\"https:\/\/thomasgrasberger.de\/?page_id=77\" data-type=\"page\" data-id=\"77\">Stenz. Die Lust des S\u00fcdens<\/a><\/h3>\n<\/div><\/div>\n\n\n\n<div class=\"wp-block-media-text alignwide is-stacked-on-mobile is-vertically-aligned-center buch\" style=\"grid-template-columns:22% auto\"><figure class=\"wp-block-media-text__media\"><a href=\"https:\/\/thomasgrasberger.de\/?page_id=68\"><img loading=\"lazy\" decoding=\"async\" width=\"203\" height=\"300\" src=\"https:\/\/thomasgrasberger.de\/wp-content\/uploads\/2021\/01\/cover-flins-978-3-446-37129-7-203x300.jpg\" alt=\"\" class=\"wp-image-69 size-medium\" srcset=\"https:\/\/thomasgrasberger.de\/wp-content\/uploads\/2021\/01\/cover-flins-978-3-446-37129-7-203x300.jpg 203w, https:\/\/thomasgrasberger.de\/wp-content\/uploads\/2021\/01\/cover-flins-978-3-446-37129-7-692x1024.jpg 692w, https:\/\/thomasgrasberger.de\/wp-content\/uploads\/2021\/01\/cover-flins-978-3-446-37129-7-768x1137.jpg 768w, https:\/\/thomasgrasberger.de\/wp-content\/uploads\/2021\/01\/cover-flins-978-3-446-37129-7-1038x1536.jpg 1038w, https:\/\/thomasgrasberger.de\/wp-content\/uploads\/2021\/01\/cover-flins-978-3-446-37129-7-700x1036.jpg 700w, https:\/\/thomasgrasberger.de\/wp-content\/uploads\/2021\/01\/cover-flins-978-3-446-37129-7.jpg 1081w\" sizes=\"auto, (max-width: 203px) 100vw, 203px\" \/><\/a><\/figure><div class=\"wp-block-media-text__content\">\n<h4 class=\"wp-block-heading\">Thomas Grasberger<\/h4>\n\n\n\n<h3 class=\"wp-block-heading\"><a href=\"https:\/\/thomasgrasberger.de\/?page_id=68\" data-type=\"page\" data-id=\"68\">Flins. Das Geld des S\u00fcdens<\/a><\/h3>\n<\/div><\/div>\n\n\n\n<div class=\"wp-block-media-text alignwide is-stacked-on-mobile buch\" style=\"grid-template-columns:22% auto\"><figure class=\"wp-block-media-text__media\"><a href=\"https:\/\/thomasgrasberger.de\/?page_id=229\"><img loading=\"lazy\" decoding=\"async\" width=\"302\" height=\"500\" src=\"https:\/\/thomasgrasberger.de\/wp-content\/uploads\/2021\/01\/cover-revolution-in-muenchen-978-3791725574.jpg\" alt=\"\" class=\"wp-image-74 size-full\" srcset=\"https:\/\/thomasgrasberger.de\/wp-content\/uploads\/2021\/01\/cover-revolution-in-muenchen-978-3791725574.jpg 302w, https:\/\/thomasgrasberger.de\/wp-content\/uploads\/2021\/01\/cover-revolution-in-muenchen-978-3791725574-181x300.jpg 181w\" sizes=\"auto, (max-width: 302px) 100vw, 302px\" \/><\/a><\/figure><div class=\"wp-block-media-text__content\">\n<h4 class=\"wp-block-heading\">Thomas Grasberger u.a.<\/h4>\n\n\n\n<h3 class=\"wp-block-heading\"><a href=\"https:\/\/thomasgrasberger.de\/?page_id=229\" data-type=\"page\" data-id=\"229\">Revolution in M\u00fcnchen<\/a> <\/h3>\n<\/div><\/div>\n\n\n\n<div class=\"wp-block-media-text is-stacked-on-mobile\" style=\"grid-template-columns:22% auto\"><figure class=\"wp-block-media-text__media\"><img loading=\"lazy\" decoding=\"async\" width=\"332\" height=\"475\" src=\"https:\/\/thomasgrasberger.de\/wp-content\/uploads\/2025\/05\/aufgetischt-und-abserviert.png\" alt=\"\" class=\"wp-image-512 size-full\" srcset=\"https:\/\/thomasgrasberger.de\/wp-content\/uploads\/2025\/05\/aufgetischt-und-abserviert.png 332w, https:\/\/thomasgrasberger.de\/wp-content\/uploads\/2025\/05\/aufgetischt-und-abserviert-210x300.png 210w\" sizes=\"auto, (max-width: 332px) 100vw, 332px\" \/><\/figure><div class=\"wp-block-media-text__content\">\n<p>Thomas Grasberger<br>Bratwurst vor Gericht. Ein kulinarischer Prozess<br>in:<br>aufgetischt &amp; abserviert &#8211; <br>eine Anthologie der M\u00fcnchner Turmschreiber 2025<br>(Allitera Verlag)<\/p>\n<\/div><\/div>\n\n\n\n<div class=\"wp-block-media-text is-stacked-on-mobile\" style=\"grid-template-columns:22% auto\"><figure class=\"wp-block-media-text__media\"><img loading=\"lazy\" decoding=\"async\" width=\"383\" height=\"545\" src=\"https:\/\/thomasgrasberger.de\/wp-content\/uploads\/2025\/05\/taeter-helfer-trittbrettfahrer.png\" alt=\"\" class=\"wp-image-511 size-full\" srcset=\"https:\/\/thomasgrasberger.de\/wp-content\/uploads\/2025\/05\/taeter-helfer-trittbrettfahrer.png 383w, https:\/\/thomasgrasberger.de\/wp-content\/uploads\/2025\/05\/taeter-helfer-trittbrettfahrer-211x300.png 211w\" sizes=\"auto, (max-width: 383px) 100vw, 383px\" \/><\/figure><div class=\"wp-block-media-text__content\">\n<p>Thomas Grasberger <br>Von braunen Spritzern nicht verschont: Der wei\u00df-blaue Entertainer Ferdinand Weisheitinger alias Wei\u00df Ferdl<br>in:<br>T\u00e4ter &#8211; Helfer &#8211; Trittbrettfahrer, Bd. 17, 2024<br>(Kugelberg Verlag)<\/p>\n<\/div><\/div>\n","protected":false},"excerpt":{"rendered":"<p>Thomas Grasberger Gebrauchsanweisung f\u00fcr M\u00fcnchen Thomas Grasberger Grant. Der Blues des S\u00fcdens Thomas Grasberger Stenz. Die Lust des S\u00fcdens Thomas Grasberger Flins. Das Geld des S\u00fcdens Thomas Grasberger u.a. Revolution in M\u00fcnchen Thomas GrasbergerBratwurst vor&#8230;<\/p>\n","protected":false},"author":2,"featured_media":0,"parent":9,"menu_order":0,"comment_status":"closed","ping_status":"closed","template":"","meta":{"footnotes":""},"class_list":["post-20","page","type-page","status-publish","hentry"],"_links":{"self":[{"href":"https:\/\/thomasgrasberger.de\/index.php?rest_route=\/wp\/v2\/pages\/20","targetHints":{"allow":["GET"]}}],"collection":[{"href":"https:\/\/thomasgrasberger.de\/index.php?rest_route=\/wp\/v2\/pages"}],"about":[{"href":"https:\/\/thomasgrasberger.de\/index.php?rest_route=\/wp\/v2\/types\/page"}],"author":[{"embeddable":true,"href":"https:\/\/thomasgrasberger.de\/index.php?rest_route=\/wp\/v2\/users\/2"}],"replies":[{"embeddable":true,"href":"https:\/\/thomasgrasberger.de\/index.php?rest_route=%2Fwp%2Fv2%2Fcomments&post=20"}],"version-history":[{"count":17,"href":"https:\/\/thomasgrasberger.de\/index.php?rest_route=\/wp\/v2\/pages\/20\/revisions"}],"predecessor-version":[{"id":514,"href":"https:\/\/thomasgrasberger.de\/index.php?rest_route=\/wp\/v2\/pages\/20\/revisions\/514"}],"up":[{"embeddable":true,"href":"https:\/\/thomasgrasberger.de\/index.php?rest_route=\/wp\/v2\/pages\/9"}],"wp:attachment":[{"href":"https:\/\/thomasgrasberger.de\/index.php?rest_route=%2Fwp%2Fv2%2Fmedia&parent=20"}],"curies":[{"name":"wp","href":"https:\/\/api.w.org\/{rel}","templated":true}]}}